late the remainder when l(4) is divided by b(-2).
3
Let i = -45 - -60. What is the remainder when 41 is divided by i?
11
Suppose -5 = -2*a - 1. Suppose 0*t - 3*t + 3*j + 114 = 0, -157 = -4*t + 3*j. Calculate the remainder when t is divided by (-3 + a)/(-1)*15.
13
Let v(w) = w**3 + 4*w**2 + w + 5. Let m = 7 + -11. Calculate the remainder when 1 is divided by v(m).
0
Suppose -5*y + 180 = -2*k, 8*k = 3*k. Let o = y + 5. Let l(n) = -n**2 - 8*n + 2. What is the remainder when o is divided by l(-6)?
13
Suppose 470 = 10*a - 0. Let i = -17 - -29. What is the remainder when a is divided by i?
11
Let a = 5 + -3. Suppose 10 = 5*y - i, -y + 8 = a*i - i. Calculate the remainder when 6 is divided by y.
0
Suppose j - 4*j + 9 = 0. Suppose 18 = x + j*s, 0 = 3*x - 3*s - 13 - 17. Suppose -168 + 14 = -7*c. Calculate the remainder when c is divided by x.
10
Let l be (-3 - 0/3)/1. Suppose 2*i = -i - 9. Calculate the remainder when 5 is divided by 2 + 1/i*l.
2
Let o = -38 + 50. Calculate the remainder when 22 is divided by o.
10
Let i(x) = 4*x - 4. Let p = -31 + 48. Suppose 5*z - 153 = p. What is the remainder when z is divided by i(4)?
10
Let i(z) = 7*z**3 - 2*z**2 - 3*z - 7. Let n(g) = -6*g**3 + g**2 + 3*g + 6. Let u(c) = 5*i(c) + 6*n(c). Calculate the remainder when 31 is divided by u(-5).
9
Let f(m) = 3*m + 3. Let r be f(-2). What is the remainder when (4/r)/((-1)/3) is divided by 3?
1
Let m = -17 - -9. Let g = 35 - 28. What is the remainder when m/44 - 145/(-11) is divided by g?
6
Let c be (-26)/(-4) - 12/(-24). Suppose 9 + c = 2*o. Calculate the remainder when o is divided by 3.
2
Suppose 0 = 2*q - 6 - 12. What is the remainder when 35 is divided by q?
8
Let l be (-2)/(-7) + (-4836)/21. What is the remainder when 1/(-1)*l/5 is divided by 16?
14
Let t = -7 - -12. Suppose -2*v - 34 = b, -v = t*b + v + 138. Let p = -7 - b. Calculate the remainder when p is divided by 7.
5
Suppose -5*o + 0*o + 10 = 0. Suppose -s + o = -18. Calculate the remainder when s is divided by 11.
9
Suppose -4*v = -156 - 108. What is the remainder when v is divided by 17?
15
Let r be (0 + 0)/3 - -227. Suppose 3*p - 4*c = r, 5*p + 4*c - 388 = c. Calculate the remainder when p is divided by 20.
17
Let m be -7 + 9 + (-1 - 16). Let d = m - -11. What is the remainder when (13/d - 3)*-4 is divided by 13?
12
Suppose -2*k = k - 4*d - 6, -3*k + 30 = 4*d. Calculate the remainder when 47 is divided by k.
5
Let s = 5 - -13. Let x = 14 + s. Calculate the remainder when x is divided by 11.
10
Suppose -8 = -3*a - 2. Suppose -5*x + 2*x - a*j - 1 = 0, 0 = x - j - 8. Suppose -x*v = v - 76. Calculate the remainder when v is divided by 7.
5
Let h(p) = 4*p**3 + p**2 - p. Let d be h(1). Calculate the remainder when (d/10)/(3/165) is divided by 13.
9
Let y(o) = 8*o**2 - o + 1. Let k be y(1). Suppose i - 5*i + k = 0. Suppose 0 = i*w - 44 + 10. What is the remainder when w is divided by 9?
8
Suppose -2*q + 5*u = 32 - 9, 3*q - 2*u = -7. Let g be -1 - (0 + -2 - 3). Let a = g - q. What is the remainder when a is divided by 2?
1
Let x be 2 - 7/((-7)/(-10)). Let w(t) = -3*t - 1. What is the remainder when w(x) is divided by 12?
11
Let g = 8 - 2. Let d(r) = -5*r**2 + 2*r + g*r**2 + 4 + 0*r. What is the remainder when d(-6) is divided by 10?
8
Let b = -32 + 59. What is the remainder when b is divided by 6?
3
Suppose 21 + 0 = h. Let a be (152/(-10))/((-1)/60). What is the remainder when h is divided by a/80 - 2/5?
10
Suppose -4*q + 48 = -c, 30 = 2*q - 0*c - 2*c. Calculate the remainder when 52 is divided by q.
8
Let n = 9 - 6. Calculate the remainder when (-18)/12*16/(-6) is divided by n.
1
Let w = -57 - -179. Let h = 49 + -18. Calculate the remainder when w is divided by h.
29
Let s = 36 - 16. What is the remainder when 36 is divided by s?
16
Let r = -3 + 12. Let h be (4/(-5))/(2/10). What is the remainder when r is divided by (1/(-1))/(-1) - h?
4
Let r(i) = -4*i + 2*i - 12*i. Let h(k) = k - 5. What is the remainder when r(-1) is divided by h(9)?
2
Suppose -p + v = -30, -55 = -2*p + 3*v - 0*v. Calculate the remainder when p is divided by 9.
8
Let v(m) = -26*m + 2. Let k(f) = -f + 8. Let a be k(10). Suppose 17 + 53 = 5*r. Calculate the remainder when v(a) is divided by r.
12
Let i = -105 + 148. Let w = 22 - 13. Suppose 2*k - w = 21. What is the remainder when i is divided by k?
13
Suppose -7 = -2*m + 3. Suppose -178 = -m*t - 28. Calculate the remainder when t is divided by 2/6*-8*-6.
14
What is the remainder when 10 is divided by ((-8)/(-7))/(2/7)?
2
Let f(g) = g**3 + 4*g**2 - g - 2. Let t(m) = -2*m**3 - 9*m**2 + 2*m + 5. Let r(o) = 9*f(o) + 4*t(o). What is the remainder when r(0) is divided by 1?
0
Suppose 6 - 80 = -2*x. Suppose x = 2*c + 13. What is the remainder when 33 is divided by c?
9
Let p be ((-2 - -2) + -14)*2. Let t be (-2 - -4)/2*50. Let i = t + p. Calculate the remainder when i is divided by 8.
6
Suppose -10 - 38 = -3*y. Calculate the remainder when y is divided by 6.
4
Calculate the remainder when 41 is divided by -3 - (3 - (2 + 25)).
20
Let g(z) be the third derivative of 7*z**4/24 - z**3/3 - 2*z**2. Calculate the remainder when 34 is divided by g(2).
10
Suppose 0 = 2*a - 6, 2*y - y - 2*a - 23 = 0. What is the remainder when y is divided by 11?
7
Let s(x) = 2*x + 3. Let z be s(-5). Let y = z + 9. Calculate the remainder when 3 is divided by y.
1
Suppose 6*o = -4*p + o + 115, -2*p + 2*o = -44. Let k(s) = 47*s + 1. Calculate the remainder when k(1) is divided by p.
23
Let z be (5/(-10))/((-2)/4). Let k = z - -9. What is the remainder when k is divided by 3?
1
Suppose 5*t + 3*j = 100, 4*t - 5*j = -4*j + 97. Calculate the remainder when 114 is divided by t.
22
Let r = -1 - -15. Let l(o) = -4*o - 4*o - 3*o + o + 1. Calculate the remainder when l(-4) is divided by r.
13
Suppose 2*h = -4, 5*d + 11 = -0*d - 3*h. Calculate the remainder when 7 is divided by 1/((-1)/3*d).
1
Let l(i) = 6 + 3*i + i**2 + 0*i**2 - 10*i + 0*i**2. Let x = 53 + -27. What is the remainder when x is divided by l(8)?
12
Let c(a) = 5*a**2 + 9*a. What is the remainder when c(-3) is divided by 4?
2
Calculate the remainder when 14 is divided by -5*(9/(-3))/3.
4
Let f(a) be the second derivative of -a - a**2 + 1/12*a**4 + 2/3*a**3 + 0. Calculate the remainder when f(-6) is divided by 4.
2
Suppose f = 6*f + 850. Suppose -7*n + 3*n - 1 = d, 0 = -d - 2*n + 7. What is the remainder when f/(-4) + (-7)/14 is divided by d?
12
Let g be ((-1)/3)/(3/(-27)). Let m = g + -1. Calculate the remainder when 54 is divided by (-21)/(-24)*m*8.
12
Suppose 3*l - 1 = -5*r, -4*l + 5 = 5*r + 2. Suppose 3*v = v - l. Let m = v + 12. What is the remainder when m is divided by 4?
3
Suppose 0*m = -3*m - 12. Let q(i) = i**3 + 4*i**2 - 2*i - 1. What is the remainder when 20 is divided by q(m)?
6
Let t be (4/14)/((-2)/(-14)). Calculate the remainder when 27 is divided by (-84)/(-4)*t/3.
13
Calculate the remainder when ((-1)/(-2))/(2/172) is divided by (-126)/(-8) - ((-18)/8 + 3).
13
Let m be -1 + (-2 - -2) + 4. Suppose -m*k - 39 = -3*a, -k = k. Calculate the remainder when a is divided by 5.
3
Let a(n) = n**2 + 2*n + 2. Calculate the remainder when 47 is divided by a(-4).
7
Let z = -3 - -9. What is the remainder when 17 is divided by z?
5
Calculate the remainder when (2 + -28)/(-3*14/105) is divided by 36.
29
Suppose -m + 4 = 0, -3*m - 2*m - 18 = -2*o. What is the remainder when o is divided by (-2)/(-3) + 28/3?
9
Let r = 18 - 11. Suppose 192 = 5*f - 8*f. Let k = -46 - f. Calculate the remainder when k is divided by r.
4
Suppose 2*r = 2*c - 0*c - 14, -4*r - 14 = 3*c. Suppose a + c*a + t = 30, 2*a = 3*t + 9. What is the remainder when 17 is divided by a?
8
Let a = 51 - 13. Calculate the remainder when a is divided by 10.
8
Let l = -17 - -84. Calculate the remainder when l is divided by 17.
16
Let u be (-8)/(-4) + -6 + 0. What is the remainder when 22 is divided by 128/(-24)*6/u?
6
Let f(n) = n**2 + 9. Let q be f(0). Let s(y) = 25*y - 13. Let d be s(q). Suppose -7*c + d = -3*c. What is the remainder when c is divided by 18?
17
Let i = -40 + 80. Let q = -5 + 19. Calculate the remainder when i is divided by q.
12
Let t = 27 + -14. Let m(y) = -12*y + 2. Let j(q) = 25*q - 4. Let o(x) = -2*j(x) - 5*m(x). What is the remainder when o(4) is divided by t?
12
Let i(x) = 2*x**2 - 2*x. Le